{"id":1087,"date":"2022-02-25T09:39:18","date_gmt":"2022-02-25T08:39:18","guid":{"rendered":"https:\/\/coolomat.com\/trgovina\/?page_id=1087"},"modified":"2022-03-01T14:00:27","modified_gmt":"2022-03-01T13:00:27","slug":"narocilo","status":"publish","type":"page","link":"https:\/\/coolomat.com\/trgovina\/narocilo\/","title":{"rendered":"Naro\u010dilo"},"content":{"rendered":"\t\t<div data-elementor-type=\"wp-page\" data-elementor-id=\"1087\" class=\"elementor elementor-1087\">\n\t\t\t\t\t\t\t\t\t<section class=\"elementor-section elementor-top-section elementor-element elementor-element-bbe94f1 elementor-section-boxed elementor-section-height-default elementor-section-height-default\" data-id=\"bbe94f1\" data-element_type=\"section\">\n\t\t\t\t\t\t<div class=\"elementor-container elementor-column-gap-default\">\n\t\t\t\t\t<div class=\"elementor-column elementor-col-100 elementor-top-column elementor-element elementor-element-da12f32\" data-id=\"da12f32\" data-element_type=\"column\" id=\"messaging-container\">\n\t\t\t<div class=\"elementor-widget-wrap\">\n\t\t\t\t\t\t\t\t\t<\/div>\n\t\t<\/div>\n\t\t\t\t\t\t\t<\/div>\n\t\t<\/section>\n\t\t\t\t<section class=\"elementor-section elementor-top-section elementor-element elementor-element-278c696 elementor-section-boxed elementor-section-height-default elementor-section-height-default\" data-id=\"278c696\" data-element_type=\"section\">\n\t\t\t\t\t\t<div class=\"elementor-container elementor-column-gap-default\">\n\t\t\t\t\t<div class=\"elementor-column elementor-col-100 elementor-top-column elementor-element elementor-element-c29f047\" data-id=\"c29f047\" data-element_type=\"column\">\n\t\t\t<div class=\"elementor-widget-wrap elementor-element-populated\">\n\t\t\t\t\t\t\t\t\t<\/div>\n\t\t<\/div>\n\t\t\t\t\t\t\t<\/div>\n\t\t<\/section>\n\t\t\t\t\t\t\t<\/div>\n\t\t","protected":false},"excerpt":{"rendered":"<p>&nbsp; &nbsp; Izdelek Cena Koli\u010dina Delni znesek &times; Glavni modul &euro;1,639.34 1 x &euro;1,639.34 (brez DDV) &times; Temperaturno nereguliran modul &euro;819.67 Temperaturno nereguliran modul koli\u010dina &euro;819.67 (brez DDV) Skupni znesek Delni znesek &euro;2,459.01 (brez DDV) Dostava Dostava in monta\u017ea: &euro;700.00 (brez DDV) Mo\u017enosti dostave bodo posodobljene ob zaklju\u010dku nakupa. Prera\u010dunaj po\u0161tnino Izberi dr\u017eavo \/ regijo&hellip;Slovenija &hellip;<\/p>\n<p class=\"read-more\"> <a class=\"\" href=\"https:\/\/coolomat.com\/trgovina\/narocilo\/\"> <span class=\"screen-reader-text\">Naro\u010dilo<\/span> Read More \u00bb<\/a><\/p>\n","protected":false},"author":1,"featured_media":0,"parent":0,"menu_order":0,"comment_status":"closed","ping_status":"closed","template":"","meta":{"site-sidebar-layout":"no-sidebar","site-content-layout":"page-builder","ast-global-header-display":"","ast-main-header-display":"","ast-hfb-above-header-display":"","ast-hfb-below-header-display":"","ast-hfb-mobile-header-display":"","site-post-title":"disabled","ast-breadcrumbs-content":"","ast-featured-img":"disabled","footer-sml-layout":"","theme-transparent-header-meta":"","adv-header-id-meta":"","stick-header-meta":"","header-above-stick-meta":"","header-main-stick-meta":"","header-below-stick-meta":""},"yoast_head":"<!-- This site is optimized with the Yoast SEO plugin v19.3 - https:\/\/yoast.com\/wordpress\/plugins\/seo\/ -->\n<title>Naro\u010dilo - Trgovina<\/title>\n<meta name=\"robots\" content=\"index, follow, max-snippet:-1, max-image-preview:large, max-video-preview:-1\" \/>\n<link rel=\"canonical\" href=\"https:\/\/coolomat.com\/trgovina\/narocilo\/\" \/>\n<meta property=\"og:locale\" content=\"sl_SI\" \/>\n<meta property=\"og:type\" content=\"article\" \/>\n<meta property=\"og:title\" content=\"Naro\u010dilo - Trgovina\" \/>\n<meta property=\"og:description\" content=\"&nbsp; &nbsp; Izdelek Cena Koli\u010dina Delni znesek &times; Glavni modul &euro;1,639.34 1 x &euro;1,639.34 (brez DDV) &times; Temperaturno nereguliran modul &euro;819.67 Temperaturno nereguliran modul koli\u010dina &euro;819.67 (brez DDV) Skupni znesek Delni znesek &euro;2,459.01 (brez DDV) Dostava Dostava in monta\u017ea: &euro;700.00 (brez DDV) Mo\u017enosti dostave bodo posodobljene ob zaklju\u010dku nakupa. Prera\u010dunaj po\u0161tnino Izberi dr\u017eavo \/ regijo&hellip;Slovenija &hellip; Naro\u010dilo Read More \u00bb\" \/>\n<meta property=\"og:url\" content=\"https:\/\/coolomat.com\/trgovina\/narocilo\/\" \/>\n<meta property=\"og:site_name\" content=\"Trgovina\" \/>\n<meta property=\"article:modified_time\" content=\"2022-03-01T13:00:27+00:00\" \/>\n<meta property=\"og:image\" content=\"https:\/\/coolomat.com\/trgovina\/wp-content\/uploads\/sites\/2\/2022\/02\/coolomat-s-1-300x300.png\" \/>\n<meta name=\"twitter:card\" content=\"summary_large_image\" \/>\n<script type=\"application\/ld+json\" class=\"yoast-schema-graph\">{\"@context\":\"https:\/\/schema.org\",\"@graph\":[{\"@type\":\"Organization\",\"@id\":\"https:\/\/coolomat.com\/trgovina\/#organization\",\"name\":\"Trgovina\",\"url\":\"https:\/\/coolomat.com\/trgovina\/\",\"sameAs\":[],\"logo\":{\"@type\":\"ImageObject\",\"inLanguage\":\"sl-SI\",\"@id\":\"https:\/\/coolomat.com\/trgovina\/#\/schema\/logo\/image\/\",\"url\":\"https:\/\/coolomat.com\/trgovina\/wp-content\/uploads\/sites\/2\/2022\/02\/coolomat_large_white.png\",\"contentUrl\":\"https:\/\/coolomat.com\/trgovina\/wp-content\/uploads\/sites\/2\/2022\/02\/coolomat_large_white.png\",\"width\":256,\"height\":61,\"caption\":\"Trgovina\"},\"image\":{\"@id\":\"https:\/\/coolomat.com\/trgovina\/#\/schema\/logo\/image\/\"}},{\"@type\":\"WebSite\",\"@id\":\"https:\/\/coolomat.com\/trgovina\/#website\",\"url\":\"https:\/\/coolomat.com\/trgovina\/\",\"name\":\"Trgovina\",\"description\":\"Klick &amp; Collect\",\"publisher\":{\"@id\":\"https:\/\/coolomat.com\/trgovina\/#organization\"},\"potentialAction\":[{\"@type\":\"SearchAction\",\"target\":{\"@type\":\"EntryPoint\",\"urlTemplate\":\"https:\/\/coolomat.com\/trgovina\/?s={search_term_string}\"},\"query-input\":\"required name=search_term_string\"}],\"inLanguage\":\"sl-SI\"},{\"@type\":\"ImageObject\",\"inLanguage\":\"sl-SI\",\"@id\":\"https:\/\/coolomat.com\/trgovina\/narocilo\/#primaryimage\",\"url\":\"https:\/\/coolomat.com\/trgovina\/wp-content\/uploads\/sites\/2\/2022\/02\/coolomat-s-1.png\",\"contentUrl\":\"https:\/\/coolomat.com\/trgovina\/wp-content\/uploads\/sites\/2\/2022\/02\/coolomat-s-1.png\",\"width\":800,\"height\":800},{\"@type\":\"WebPage\",\"@id\":\"https:\/\/coolomat.com\/trgovina\/narocilo\/\",\"url\":\"https:\/\/coolomat.com\/trgovina\/narocilo\/\",\"name\":\"Naro\u010dilo - Trgovina\",\"isPartOf\":{\"@id\":\"https:\/\/coolomat.com\/trgovina\/#website\"},\"primaryImageOfPage\":{\"@id\":\"https:\/\/coolomat.com\/trgovina\/narocilo\/#primaryimage\"},\"datePublished\":\"2022-02-25T08:39:18+00:00\",\"dateModified\":\"2022-03-01T13:00:27+00:00\",\"breadcrumb\":{\"@id\":\"https:\/\/coolomat.com\/trgovina\/narocilo\/#breadcrumb\"},\"inLanguage\":\"sl-SI\",\"potentialAction\":[{\"@type\":\"ReadAction\",\"target\":[\"https:\/\/coolomat.com\/trgovina\/narocilo\/\"]}]},{\"@type\":\"BreadcrumbList\",\"@id\":\"https:\/\/coolomat.com\/trgovina\/narocilo\/#breadcrumb\",\"itemListElement\":[{\"@type\":\"ListItem\",\"position\":1,\"name\":\"Home\",\"item\":\"https:\/\/coolomat.com\/trgovina\/\"},{\"@type\":\"ListItem\",\"position\":2,\"name\":\"Naro\u010dilo\"}]}]}<\/script>\n<!-- \/ Yoast SEO plugin. -->","yoast_head_json":{"title":"Naro\u010dilo - Trgovina","robots":{"index":"index","follow":"follow","max-snippet":"max-snippet:-1","max-image-preview":"max-image-preview:large","max-video-preview":"max-video-preview:-1"},"canonical":"https:\/\/coolomat.com\/trgovina\/narocilo\/","og_locale":"sl_SI","og_type":"article","og_title":"Naro\u010dilo - Trgovina","og_description":"&nbsp; &nbsp; Izdelek Cena Koli\u010dina Delni znesek &times; Glavni modul &euro;1,639.34 1 x &euro;1,639.34 (brez DDV) &times; Temperaturno nereguliran modul &euro;819.67 Temperaturno nereguliran modul koli\u010dina &euro;819.67 (brez DDV) Skupni znesek Delni znesek &euro;2,459.01 (brez DDV) Dostava Dostava in monta\u017ea: &euro;700.00 (brez DDV) Mo\u017enosti dostave bodo posodobljene ob zaklju\u010dku nakupa. Prera\u010dunaj po\u0161tnino Izberi dr\u017eavo \/ regijo&hellip;Slovenija &hellip; Naro\u010dilo Read More \u00bb","og_url":"https:\/\/coolomat.com\/trgovina\/narocilo\/","og_site_name":"Trgovina","article_modified_time":"2022-03-01T13:00:27+00:00","og_image":[{"url":"https:\/\/coolomat.com\/trgovina\/wp-content\/uploads\/sites\/2\/2022\/02\/coolomat-s-1-300x300.png"}],"twitter_card":"summary_large_image","schema":{"@context":"https:\/\/schema.org","@graph":[{"@type":"Organization","@id":"https:\/\/coolomat.com\/trgovina\/#organization","name":"Trgovina","url":"https:\/\/coolomat.com\/trgovina\/","sameAs":[],"logo":{"@type":"ImageObject","inLanguage":"sl-SI","@id":"https:\/\/coolomat.com\/trgovina\/#\/schema\/logo\/image\/","url":"https:\/\/coolomat.com\/trgovina\/wp-content\/uploads\/sites\/2\/2022\/02\/coolomat_large_white.png","contentUrl":"https:\/\/coolomat.com\/trgovina\/wp-content\/uploads\/sites\/2\/2022\/02\/coolomat_large_white.png","width":256,"height":61,"caption":"Trgovina"},"image":{"@id":"https:\/\/coolomat.com\/trgovina\/#\/schema\/logo\/image\/"}},{"@type":"WebSite","@id":"https:\/\/coolomat.com\/trgovina\/#website","url":"https:\/\/coolomat.com\/trgovina\/","name":"Trgovina","description":"Klick &amp; Collect","publisher":{"@id":"https:\/\/coolomat.com\/trgovina\/#organization"},"potentialAction":[{"@type":"SearchAction","target":{"@type":"EntryPoint","urlTemplate":"https:\/\/coolomat.com\/trgovina\/?s={search_term_string}"},"query-input":"required name=search_term_string"}],"inLanguage":"sl-SI"},{"@type":"ImageObject","inLanguage":"sl-SI","@id":"https:\/\/coolomat.com\/trgovina\/narocilo\/#primaryimage","url":"https:\/\/coolomat.com\/trgovina\/wp-content\/uploads\/sites\/2\/2022\/02\/coolomat-s-1.png","contentUrl":"https:\/\/coolomat.com\/trgovina\/wp-content\/uploads\/sites\/2\/2022\/02\/coolomat-s-1.png","width":800,"height":800},{"@type":"WebPage","@id":"https:\/\/coolomat.com\/trgovina\/narocilo\/","url":"https:\/\/coolomat.com\/trgovina\/narocilo\/","name":"Naro\u010dilo - Trgovina","isPartOf":{"@id":"https:\/\/coolomat.com\/trgovina\/#website"},"primaryImageOfPage":{"@id":"https:\/\/coolomat.com\/trgovina\/narocilo\/#primaryimage"},"datePublished":"2022-02-25T08:39:18+00:00","dateModified":"2022-03-01T13:00:27+00:00","breadcrumb":{"@id":"https:\/\/coolomat.com\/trgovina\/narocilo\/#breadcrumb"},"inLanguage":"sl-SI","potentialAction":[{"@type":"ReadAction","target":["https:\/\/coolomat.com\/trgovina\/narocilo\/"]}]},{"@type":"BreadcrumbList","@id":"https:\/\/coolomat.com\/trgovina\/narocilo\/#breadcrumb","itemListElement":[{"@type":"ListItem","position":1,"name":"Home","item":"https:\/\/coolomat.com\/trgovina\/"},{"@type":"ListItem","position":2,"name":"Naro\u010dilo"}]}]}},"_links":{"self":[{"href":"https:\/\/coolomat.com\/trgovina\/wp-json\/wp\/v2\/pages\/1087"}],"collection":[{"href":"https:\/\/coolomat.com\/trgovina\/wp-json\/wp\/v2\/pages"}],"about":[{"href":"https:\/\/coolomat.com\/trgovina\/wp-json\/wp\/v2\/types\/page"}],"author":[{"embeddable":true,"href":"https:\/\/coolomat.com\/trgovina\/wp-json\/wp\/v2\/users\/1"}],"replies":[{"embeddable":true,"href":"https:\/\/coolomat.com\/trgovina\/wp-json\/wp\/v2\/comments?post=1087"}],"version-history":[{"count":31,"href":"https:\/\/coolomat.com\/trgovina\/wp-json\/wp\/v2\/pages\/1087\/revisions"}],"predecessor-version":[{"id":1223,"href":"https:\/\/coolomat.com\/trgovina\/wp-json\/wp\/v2\/pages\/1087\/revisions\/1223"}],"wp:attachment":[{"href":"https:\/\/coolomat.com\/trgovina\/wp-json\/wp\/v2\/media?parent=1087"}],"curies":[{"name":"wp","href":"https:\/\/api.w.org\/{rel}","templated":true}]}}